ase 6, what is -355 - 110542152?
-110542551
In base 8, what is -367 + -502561?
-503150
In base 11, what is -743 - -12738?
11aa5
In base 16, what is 5 + be525f?
be5264
In base 11, what is 185470 - -101?
185571
In base 12, what is 2818272 - -5?
2818277
In base 13, what is -678786 + 2?
-678784
In base 14, what is 3 + -8d0774?
-8d0771
In base 9, what is -20627732 + 11?
-20627721
In base 16, what is -116b301 - 35?
-116b336
In base 3, what is 2011100012101 + 110?
2011100012211
In base 13, what is -995 + -18602?
-19297
In base 6, what is 34 - -100213200?
100213234
In base 12, what is 99 + -9b1a41?
-9b1964
In base 4, what is -3333213111 + 1301?
-3333211210
In base 8, what is -3167734402 + -1?
-3167734403
In base 15, what is -d6 + -4028?
-410e
In base 13, what is 37a4938 + -4?
37a4934
In base 6, what is 12143 - -1131?
13314
In base 7, what is 54 + -136233?
-136146
In base 7, what is 3 - -501124062?
501124065
In base 12, what is -1105 - 1b27?
-3030
In base 14, what is 29cd87 + -5?
29cd82
In base 16, what is 42f8d83b + -3?
42f8d838
In base 6, what is -35040 + 400005?
320525
In base 2, what is 0 + -1111110111000110011?
-1111110111000110011
In base 5, what is -241 - 124003?
-124244
In base 11, what is -584a475 - -35?
-584a440
In base 14, what is 17 + c56db1?
c56dc8
In base 16, what is -d + -3a6c4b?
-3a6c58
In base 2, what is 10111000 + -110110101011101?
-110110010100101
In base 15, what is -18b3 - -24853?
22e90
In base 4, what is 1010022220 + -210?
1010022010
In base 7, what is 24015 + -365264?
-341246
In base 6, what is -1 + -135342333?
-135342334
In base 6, what is 152214211 + -4?
152214203
In base 13, what is 2395411 + -1?
2395410
In base 2, what is 10010100001100 - -1110011000?
10100010100100
In base 2, what is -1011010000001111100010011 + -11?
-1011010000001111100010110
In base 16, what is 1c3b8f + b?
1c3b9a
In base 7, what is -252546226 - 2?
-252546231
In base 8, what is -26 - 55237510?
-55237536
In base 6, what is 1210155305 + 4?
1210155313
In base 10, what is -39098 - 88?
-39186
In base 5, what is -212331243 + 120?
-212331123
In base 15, what is 132 + -1a918?
-1a7d6
In base 14, what is -103bca8d - 2?
-103bca91
In base 7, what is 213021 + 1326?
214350
In base 8, what is 4 + 46400567?
46400573
In base 2, what is -1110110 + -111110110000010110010?
-111110110000100101000
In base 13, what is -b1 - -2983a8?
2982c7
In base 3, what is 1010012 + -1201111?
-121022
In base 2, what is 1001110010001010011 - -100001100?
1001110010101011111
In base 14, what is -2203 - 53a2?
-75a5
In base 9, what is -450567 - -27?
-450540
In base 14, what is 503297 - 0?
503297
In base 4, what is -20212 - -133201003?
133120131
In base 10, what is -20915 + 255?
-20660
In base 13, what is -1ab2 - -8762?
6980
In base 14, what is -6dd8c5b + 1d?
-6dd8c3c
In base 14, what is -2 - -8c5b18?
8c5b16
In base 9, what is 5848471 - -48?
5848530
In base 5, what is 1412 + 2122432?
2124344
In base 10, what is -2 + -156148086?
-156148088
In base 6, what is -534412143044 - -1?
-534412143043
In base 10, what is 12389 + -3?
12386
In base 9, what is -702 + -8134?
-8836
In base 10, what is 1354 - 4904?
-3550
In base 16, what is 38cf28 - 7?
38cf21
In base 9, what is -72054558 + 4?
-72054554
In base 14, what is b95 - -2d6d?
3b24
In base 7, what is -6032 + -61142?
-100204
In base 4, what is -11123211 + -110332?
-11300203
In base 6, what is -1154 - -130542?
125344
In base 9, what is -253614 - 46?
-253661
In base 4, what is -101200 - -10011111?
3303311
In base 10, what is 1 - 60384133?
-60384132
In base 15, what is -659 - 1690e?
-17068
In base 13, what is b0027 - -ca?
b0124
In base 3, what is -1122112122 + 1221?
-1122110201
In base 4, what is 122301 + -100012102?
-33223201
In base 8, what is -12767323 - -41?
-12767262
In base 4, what is 2121100030001 - 1?
2121100030000
In base 16, what is -1f41c9 - -1b?
-1f41ae
In base 12, what is -2 + -a02?
-a04
In base 9, what is 3 - 5076776?
-5076773
In base 11, what is -5 - -3344a72?
3344a68
In base 6, what is -13 + -215033040?
-215033053
In base 13, what is 1360661a - -5?
13606622
In base 12, what is 23185a - 38?
231822
In base 11, what is -112438782 + -3?
-112438785
In base 9, what is 0 + -6526385?
-6526385
In base 16, what is -2f82b5 + 5?
-2f82b0
In base 2, what is -10001000011000101101101 + 1000?
-10001000011000101100101
In base 4, what is -20302310 - 102121?
-21011031
In base 15, what is 5103 + -1d9e?
3254
In base 7, what is -11421543 + -341?
-11422214
In base 6, what is -103135 - -23133?
-40002
In base 4, what is 1012 + -10132200022?
-10132133010
In base 11, what is -38 + -39445?
-39482
In base 7, what is -1401 + -412112?
-413513
In base 16, what is -46 - 6a800?
-6a846
In base 10, what is 86 - 319685?
-319599
In base 10, what is -1162679 + -1?
-1162680
In base 12, what is -2931398 - 2?
-293139a
In base 6, what is -254034034 - -1?
-254034033
In base 4, what is 200223000 + -2330?
200220010
In base 3, what is -2112 - -1201010000102?
1201002220220
In base 10, what is 291174544 - 0?
291174544
In base 14, what is -16b4 - -a703?
902d
In base 16, what is 7f13a - 23?
7f117
In base 16, what is -ed8 - -4530?
3658
In base 15, what is -57831d + 7?
-578316
In base 7, what is 3603 + 222360?
226263
In base 7, what is -5513120 + -2?
-5513122
In base 9, what is -4 + 75412554?
75412550
In base 2, what is 101101100110101110 + -100111?
101101100110000111
In base 11, what is -1 + 1420617?
1420616
In base 16, what is 10d5fcb - -2?
10d5fcd
In base 7, what is 113 + 1463615?
1464031
In base 12, what is 3 - -412?
415
In base 4, what is -13233331131 + 21022?
-13233310103
In base 15, what is 68d - -862b?
8cb9
In base 11, what is -2979 + -a1?
-2a6a
In base 7, what is 5 - -1205216525?
1205216533
In base 7, what is -154 + 3005503?
3005316
In base 16, what is -33 + 10392ef?
10392bc
In base 2, what is 1111010001011001101001101 - 11?
1111010001011001101001010
In base 5, what is 22320 + -131120420?
-131043100
In base 7, what is 160655015 + 6?
160655024
In base 15, what is 4b036 + -1d?
4b018
In base 12, what is 304b3 + 5?
304b8
In base 7, what is -10 + -1144321322?
-1144321332
In base 13, what is 10 + 7b7c9?
7b809
In base 9, what is 358 - -607062?
607431
In base 16, what is 140 + -3037?
-2ef7
In base 3, what is 10 + -1002000202200?
-1002000202120
In base 13, what is 34335 - -84?
343b9
In base 4, what is 132010023 + 1033322?
133110011
In base 8, what is 102 + 220617?
220721
In base 9, what is 1526 + 3568?
5205
In base 15, what is 150dc8 + -c?
150dbb
In base 2, what is 10110101110001110 - 1101000?
10110101100100110
In base 6, what is -200 + -52054400?
-52055000
In base 2, what is 101110101100001 - 101?
101110101011100
In base 4, what is -1 + 12331102303220?
12331102303213
In base 7, what is 2654413066 + 5?
2654413104
In base 7, what is 12211 - -20656?
33200
In base 11, what is -167375 + 21?
-167354
In base 14, what is 2752452 - -4?
2752456
In base 6, what is 1300 - -1052142?
1053442
In base 3, what is -1002002110010121201 + -11?
-1002002110010121212
In base 14, what is -4 + -3882b0?
-3882b4
In base 2, what is 1110110011011110001100 + 11001110?
1110110011100001011010
In base 12, what is -4 - -428b97?
428b93
In base 3, what is -1 - 1111201012201211?
-1111201012201212
In base 2, what is -110110010011100110 + 10111101?
-110110010000101001
In base 15, what is 16cbe7 - 106?
16cae1
In base 8, what is 524615533 - -5?
524615540
In base 13, what is -30a67 + 8c?
-309a8
In base 13, what is b02 + -1362?
-560
In base 12, what is -40 + -57a09?
-57a49
In base 11, what is -7478 + -1779?
-9146
In base 3, what is -110 + -2121221020?
-2121221200
In base 15, what is 133a + -386?
ea4
In base 11, what is -3 + 94803203?
94803200
In base 6, what is 200512500 - -1?
200512501
In base 5, what is 43 + -10232103?
-10232010
In base 6, what is -320105525 - 2?
-320105531
In base 15, what is -252 - -1a1b?
17b9
In base 5, what is -4 + 21332344003?
21332343444
In base 11, what is -133684 - 65?
-133739
In base 3, what is -101102202210 - -220110?
-101101212100
In base 14, what is bacd - 195?
b938
In base 11, what is -1803489 - -7?
-1803482
In base 3, what is -122201110200100020 + 10?
-122201110200100010
In base 5, what is -34 + -11334341?
-11334430
In base 12, what is 11 + -671694?
-671683
In base 8, what is -2 - 5245772?
-5245774
In ba